 Determine g(-205).
-31
Let x(k) = k**3 - 8*k**2 - 17*k - 156. Give x(11).
20
Let d(s) = 3027*s - 11243. What is d(3)?
-2162
Let w(c) = 3*c**3 - 11*c**2 - 8*c - 13. Determine w(3).
-55
Let q(u) = u**2 + 5452*u - 103960. Give q(19).
-11
Let h(z) = 755*z - 88152. Determine h(117).
183
Let r(q) = -1978*q - 158208. Determine r(-80).
32
Let g(t) = 14*t**3 + 348*t**2 - 87*t - 763. Determine g(-25).
162
Let z(d) = d**3 + 319*d**2 - 220*d + 32040. Determine z(-320).
40
Let b(s) = s**3 + 38*s**2 - 92*s - 1108. Determine b(-40).
-628
Let c(i) = 113*i - 3612. Give c(30).
-222
Let g(h) = -h**3 - 181*h**2 - 570*h + 495. Give g(-4).
-57
Let s(d) = -606*d + 12793. Give s(21).
67
Let j(a) = -323*a**2 + 87180*a + 8118. Calculate j(270).
18
Let j(c) = -c**3 - 413*c**2 - 1733*c - 206232. What is j(-410)?
-2
Let l(s) = -2*s**2 - 683*s + 6990. Calculate l(10).
-40
Let s(v) = -1034580*v + 17587863. Give s(17).
3
Let g(q) = 5227*q - 371129. Give g(71).
-12
Let c(k) = -36*k**2 - 341*k - 13. Calculate c(-9).
140
Let t(s) = 209*s**2 + 558*s - 155. What is t(-3)?
52
Let y(s) = 2*s**3 + 319*s**2 + 2290*s + 1475. Calculate y(-152).
-45
Let i(w) = -4648*w - 157775. Determine i(-34).
257
Let x(s) = s**3 + 128*s**2 - 13861*s + 70. Calculate x(70).
0
Let q(c) = c**3 - 376*c**2 - 329*c - 18111. Give q(377).
-15
Let b(z) = -6065*z - 3050680. Give b(-503).
15
Let p(z) = 45*z**2 - 24*z - 136. Determine p(6).
1340
Let m(w) = 2872*w + 10918. Calculate m(-4).
-570
Let j(b) = 39*b**3 - 3589*b**2 + 90*b + 303. Give j(92).
119
Let w(l) = -85912*l + 429558. Calculate w(5).
-2
Let t(p) = -2*p**2 - 33*p + 4240. Calculate t(38).
98
Let p(k) = 74039*k - 106245970. Calculate p(1435).
-5
Let l(z) = 178*z**2 - 331*z - 636. Calculate l(-2).
738
Let d(w) = 1187*w**2 - 2456*w - 5. Calculate d(2).
-169
Let y(m) = 199*m - 17209. Calculate y(105).
3686
Let s(t) = 168*t + 134. Determine s(-2).
-202
Let h(b) = 35184*b + 105561. Calculate h(-3).
9
Let i(b) = 801*b + 25855. Calculate i(-32).
223
Let p(l) = -2*l**3 + 5*l**2 + 1225*l - 51. Calculate p(26).
27
Let c(t) = t**3 + 3*t**2 - 78*t + 27. Calculate c(-8).
331
Let i(c) = 18092*c - 270393. Give i(15).
987
Let a(d) = -d**3 + 602*d**2 - 571*d - 18040. Give a(601).
-10
Let a(u) = -194*u**2 - 9318*u - 334. Calculate a(-48).
-46
Let z(n) = -17*n**3 + 9073*n**2 + 18143*n + 3. Give z(-2).
145
Let c(i) = -2*i**3 + 64*i**2 - 4613*i + 161472. Determine c(34).
6
Let j(x) = 122383*x - 1468519. Calculate j(12).
77
Let m(s) = s**3 + 19*s**2 - 5587*s - 110899. What is m(-20)?
441
Let f(w) = -898*w - 245162. Calculate f(-273).
-8
Let v(k) = 730*k - 5260. What is v(5)?
-1610
Let f(v) = 10*v**2 + 862*v - 20990. Give f(-106).
-2
Let a(u) = -105680*u - 528369. Give a(-5).
31
Let v(n) = 55*n**2 + 225*n + 56. What is v(-5)?
306
Let g(c) = -492*c**2 + 423610*c + 1713. Calculate g(861).
-9
Let x(u) = -19*u**2 - 247*u + 1943. Determine x(-19).
-223
Let x(u) = 3*u**3 - 405*u**2 - 866*u + 6078. Determine x(137).
50
Let l(c) = -33*c**2 + 65676*c + 65676. Calculate l(-1).
-33
Let q(o) = 17*o**3 + 3*o**2 + 271*o - 848. What is q(3)?
451
Let a(v) = -v**2 + 320*v - 22873. What is a(117)?
878
Let n(g) = -1798*g - 19759. Determine n(-11).
19
Let z(d) = -1015*d + 1891. Calculate z(2).
-139
Let z(t) = 2443*t**2 - 9965*t - 11253. Give z(5).
-3
Let q(a) = -27541*a + 82620. Calculate q(3).
-3
Let w(c) = -48*c**2 - 781*c - 1. Calculate w(-15).
914
Let d(m) = 7*m**2 - 815*m + 3848. Calculate d(5).
-52
Let s(h) = 384*h - 9046. What is s(28)?
1706
Let c(y) = -2*y**2 - 27114*y + 434331. Calculate c(16).
-5
Let i(t) = -t**2 + 743*t - 12990. Calculate i(18).
60
Let g(u) = -5598*u + 240743. What is g(43)?
29
Let k(p) = p**2 + 54416*p + 979173. Calculate k(-18).
9
Let u(v) = 1014*v + 13213. Determine u(-13).
31
Let i(w) = -3*w**2 - 4633*w - 638593. What is i(-153)?
29
Let y(v) = -v**3 + 358*v**2 - 2809*v + 67. Determine y(8).
-5
Let m(d) = -4*d**2 + 131*d + 4313. What is m(-20)?
93
Let o(q) = 1158*q + 173709. Give o(-150).
9
Let z(o) = -4713*o - 603258. Give z(-128).
6
Let m(h) = -h**3 - 54*h**2 - 314*h + 789. Calculate m(-47).
84
Let o(j) = -112*j**3 + 8736*j**2 + 19*j - 1494. Determine o(78).
-12
Let a(s) = -308*s + 40389. What is a(129)?
657
Let f(b) = -20456*b - 204522. Give f(-10).
38
Let s(j) = 16449*j + 115911. Determine s(-7).
768
Let z(n) = n**3 - 64*n**2 - 1170*n - 8786. Determine z(80).
14
Let l(q) = -459751*q + 13332778. Determine l(29).
-1
Let s(k) = -1029*k - 698. Calculate s(-3).
2389
Let p(o) = 14120*o + 70551. Give p(-5).
-49
Let t(y) = -y**3 + 136*y**2 + 5183*y + 185. Calculate t(-31).
-1
Let h(v) = -2630*v + 58269. Give h(22).
409
Let d(j) = 34359*j - 240460. Determine d(7).
53
Let h(c) = -16*c**2 + 462*c - 5050. Give h(11).
-1904
Let j(a) = 18852*a - 659820. What is j(35)?
0
Let l(n) = -3*n**3 + 20*n**2 + 1385*n - 4278. Determine l(3).
-24
Let k(a) = 2767*a - 1156579. Calculate k(418).
27
Let k(d) = 3*d**3 + 262*d**2 + 89*d + 139. Give k(-87).
-35
Let s(v) = -9*v**2 + 1560*v - 9550. Determine s(167).
-31
Let z(m) = 24*m**2 + 873*m + 4558. Determine z(-30).
-32
Let o(z) = 43*z - 348. Calculate o(15).
297
Let b(o) = 5624*o - 61753. Give b(11).
111
Let i(v) = 195*v + 17957. Calculate i(-92).
17
Let o(j) = j**3 - 23*j**2 - 46*j - 53. What is o(13)?
-2341
Let y(p) = 2*p**3 + 408*p**2 - 2044*p - 252. What is y(5)?
-22
Let j(b) = -8262*b + 32. Give j(0).
32
Let r(t) = -t**2 - 123*t + 4211. Give r(28).
-17
Let w(r) = -r**2 + 1053*r + 25587. Determine w(-24).
-261
Let b(g) = -597*g - 35769. Calculate b(-60).
51
Let x(s) = -s**3 + 20*s**2 + 66*s + 52. Calculate x(25).
-1423
Let m(c) = -c**3 - 16*c**2 + 114*c + 1042. Determine m(-19).
-41
Let q(a) = -1199*a**2 - 28847*a - 1706. Calculate q(-24).
-2
Let v(m) = 3*m**3 + 80*m**2 + 321*m + 282. Determine v(-22).
-4
Let p(a) = -a**3 - 111*a**2 + 330*a + 11733. What is p(-113)?
-19
Let k(r) = -r**3 + 17*r**2 - 202*r + 1630. Calculate k(11).
134
Let j(n) = -64*n**2 + 2125*n - 392. Determine j(33).
37
Let b(y) = -2*y**3 - 24*y**2 + 90*y + 7. What is b(-16)?
615
Let c(r) = -18*r**3 + 201*r**2 + 24*r + 16. Give c(0).
16
Let a(j) = -17*j**2 + 987*j + 432. Determine a(58).
490
Let r(c) = c**3 + 154*c**2 + 747*c - 118084. What is r(-143)?
34
Let d(n) = -383*n - 80023. Give d(-210).
407
Let r(l) = 854982*l - 854979. Give r(1).
3
Let w(y) = -29026*y + 754487. What is w(26)?
-189
Let g(r) = r**3 - 207*r**2 + 9611*r - 1812. What is g(70)?
-342
Let g(l) = -l**3 + 104*l**2 + 333*l - 12801. What is g(106)?
25
Let i(t) = t**3 + 115*t**2 + 126*t + 1939. Calculate i(-114).
571
Let v(j) = -2*j**3 + 29*j**2 + 711*j - 7286. What is v(9)?
4
Let r(f) = f**3 - 52*f**2 + 298*f + 357. What is r(44)?
-2019
Let t(b) = -38*b**2 + 32*b + 50. Calculate t(6).
-1126
Let f(p) = 6*p**3 + 57*p**2 + 105*p - 77. Determine f(-3).
-41
Let x(z) = z**2 - 13266*z - 53076. Give x(-4).
4
Let m(x) = 19*x**3 + 390*x**2 - 170*x + 396. Calculate m(-21).
-3
Let u(a) = -5*a**3 - 57*a**2 + 97*a + 1868. Give u(-9).
23
Let j(n) = -9231*n - 6027859. Calculate j(-653).
-16
Let z(k) = -243*k + 325. Determine z(0).
325
Let u(r) = -4300*r - 455797. Give u(-106).
3
Let g(a) = -11*a**2 + 2732*a - 2696. What is g(1)?
25
Let c(p) = -62*p**3 - 23*p**2 + 49*p - 5. Determine c(2).
-495
Let l(s) = 37173*s - 259304. What is l(7)?
907
Let a(x) = -3*x**3 - 207*x**2 - 1221*x - 28. Give a(-6).
494
Let z(v) = -58*v**2 - 449*v - 84. Determine z(-8).
-204
Let s(z) = -z**3 + 27*z**2 + 364*z - 7704. Calculate s(31).
-264
Let d(b) = -b**3 + 50*b**2 - 124*b - 6238. Determine d(44).
-78
Let h(t) = 2*t**3 + 233*t**2 - 2400*t - 748. Give h(-126).
8
Let w(i) = 1263493*i + 18952400. Give w(-15).
5
Let z(u) = 7*u**3 + 79*u**2 - 3*u + 15. What is z(-11)?
290
Let j(g) = -5027*g + 75. What is j(0)?
75
Let s(j) = -2*j**2 + 3999*j + 16037. What is s(-4)?
9
Let d(a) = -4*a**3 + 72*a**2 + 187*a + 1374. What is d(21)?
9
Let c(m) = -82*m**3 - 250*m**2 + 7*m + 46. What is c(-3)?
-11
Let d(u) = -u**3 - 92*u**2 - 185*u + 6925. Give d(-89).
-373
Let a(z) = 2*z**2 + 8468*z + 67620. Calculate a(-8).
4
Let g(a) = 1591*a**2 + 523440*a + 304. Determine g(-329).
-25
Let v(g) = -6*g**2 - 2429*g - 61200. Determine v(-27).
9
Let u(w) = 233385*w + 4901064. What is u(-21)?
-21
Let b(r) = 12*r**2 - 1206*r + 30319. Determine b(51).
25
Let s(w) = 